 is the ten thousands digit of (-22765)/(-1) + (3 - 3) + -2?
2
Let r(v) = -v**3 + 15*v**2 - 5*v + 28. Let s be r(8). Suppose -5*k = -s - 69. What is the hundreds digit of k?
1
Suppose -5*n - 78 + 93 = 0, 3*n - 174942 = -3*z. What is the ten thousands digit of z?
5
Let v(k) = 40*k - 98. Let l be v(5). Suppose -2*o = -2*s + l, -26*s + 29*s - 149 = 4*o. What is the tens digit of s?
5
Let f(t) = 2157*t - 287. What is the tens digit of f(7)?
1
Let v(z) = 3*z**2 + 19*z - 431. What is the units digit of v(-69)?
1
What is the thousands digit of (-7)/(35/(-20)) - (-7256 + -18)?
7
Suppose 4*s - 18 = -w, -s + 0*s - 4 = -4*w. Suppose -16*d + s = -12*d. Let a = d - -8. What is the units digit of a?
9
Let y be ((-42)/(-49))/((-2)/(-14)). Suppose 19*x = 16*x + y. Suppose 4*p + 338 = 5*i, -2*i + 136 = -0*i - x*p. What is the units digit of i?
6
Let y be (-1 - -2)/((-2)/(-6)). Suppose -4*r = 2*j - 0 - 10, 0 = -j + 1. Suppose y*u - 40 = -r*u. What is the units digit of u?
8
What is the thousands digit of -2*(11 - (-40)/(-5))*136092/(-18)?
5
Let r(w) = 2291*w**2 - 47*w - 59. What is the ten thousands digit of r(-5)?
5
Let l = -495 - -493. What is the units digit of (-4 - (-70)/40)/(l/808)?
9
Let t = -193 + 10381. Suppose -25*w + t = -13*w. What is the tens digit of w?
4
Let j = 529 + -525. Suppose j*r + 5*f - 477 = 0, r + f - 119 = -0*r. What is the hundreds digit of r?
1
Let k(z) be the third derivative of 43*z**6/24 - z**5/60 + 11*z**4/8 - 65*z**3/6 + 113*z**2 + 2*z. What is the thousands digit of k(2)?
1
Let m(j) = 41*j**2 + j. Let c be m(-1). Suppose 25 = 8*h - 13*h, -6*h = -3*i + 384. Let q = c + i. What is the units digit of q?
8
Let k(p) = 53*p**3 - 8*p**2 - 5*p + 5. Let s be k(3). Suppose -4*d + s = -2*v + 51, -2*v = -3*d + 973. What is the units digit of d?
5
What is the thousands digit of 324/(-14)*(10 + 2079/(-7))?
6
Let k = -213 - -213. Let l be (1 + 3)/(-5 + 7). Suppose -l*m - m + 594 = 5*r, k = -r - 4*m + 129. What is the tens digit of r?
1
Let a be 66/15 - 10/25. Suppose -a*f + 823 = 5*u, 4*f - 2*u - 118 = 740. What is the units digit of f?
2
Let w be 12/30 - ((-4812)/20 + 1). Let m = w - 202. What is the units digit of m?
8
Let i = -5975 - -10356. What is the thousands digit of i?
4
Suppose 2*x - 5*r - 5 + 26 = 0, 3*x = -2*r - 41. What is the units digit of 2538/14 + x/((-182)/(-4))?
1
Let h be -1*2 + (-3 - -11)/4. Suppose h = -k - 11*k + 4116. What is the hundreds digit of k?
3
What is the thousands digit of 102/170 - ((-1081638)/(-15))/(-3)?
4
What is the units digit of (-76)/1995*-15 - 74826/(-7)?
0
Let q(o) = 53*o**2 + 32*o - 707. What is the units digit of q(18)?
1
Let m = 893 + -737. Let k = 1382 - m. What is the units digit of k?
6
Suppose -2236406 + 266414 = -72*g. What is the ten thousands digit of g?
2
Let v(z) = -1099*z - 1652. What is the thousands digit of v(-8)?
7
Suppose 0 = -12*i - 5*i + 204. Let q(y) be the first derivative of y**4/4 - 10*y**3/3 - 9*y**2 + 30*y - 2. What is the tens digit of q(i)?
0
Let c = 406 - 630. Let o = 89 - c. What is the units digit of o?
3
Suppose -65 = -26*l + 65. Suppose l*i = 2*q - 229, -4*q - 4*i = -0*q - 528. What is the hundreds digit of q?
1
Let x be -2*184 + 1 - -3. Let u = x + 243. Let k = -80 - u. What is the tens digit of k?
4
Let r = -149340 + 209779. What is the units digit of r?
9
Let b(n) = -8*n**2 - 18*n - 35. Let s(f) = f**2 + 1. Let x(m) = -b(m) - 6*s(m). Let w(h) = -91*h - 740. Let a be w(-8). What is the hundreds digit of x(a)?
1
Let d = -13 - -17. Suppose -5*s + 1102 = z, 159 = -d*s + 5*z + 1058. What is the tens digit of s?
2
What is the hundreds digit of 6/(-7) - (-557568)/168?
3
Suppose 5*o - 52127 = 48*c - 45*c, -4*o = -5*c - 41686. What is the units digit of o?
9
Suppose -107393 = -11*a + 187792. What is the thousands digit of a?
6
Suppose -4*i = -w - 193 + 880, -5*w = 5*i - 3560. Suppose 0*j + 3*j = z + w, z + 1181 = 5*j. What is the tens digit of j?
3
Let z(o) = 164*o**2 - 25*o - 52. What is the units digit of z(13)?
9
Let a(o) = o**3 + 17*o**2 + 16*o + 5. Let k be a(-16). Suppose -3*r = k*r - 488. Let y = 131 - r. What is the units digit of y?
0
Let j(l) = -5*l**3 - 4*l**2 - 7*l + 33. Let z be j(4). Let h = -179 - z. What is the tens digit of h?
0
Let j(t) = t**3 + 13*t**2 + 14*t - 4. Suppose 2*a - 91 = -4*c - 35, -5*a + 3*c + 75 = 0. Let y be 9/a + (-46)/4. What is the units digit of j(y)?
4
Suppose 5*o - 24350 = -5*f, -4*o + 4*f = -3*o - 4885. What is the units digit of o?
3
Let i be 0*(2/12)/(2/6). Suppose 0 = 2*b + 10, i = 4*l - 5*b - 33 - 16. Suppose 0*z = -2*s + z + 485, -2*z = l. What is the units digit of s?
1
Suppose -7*y = -10*y + 3*a + 12, 4*y + 8 = -2*a. Suppose 3*q + h - 889 + 159 = y, q + 5*h - 234 = 0. What is the hundreds digit of q?
2
Let v(r) = -r**3 - 13*r**2 + 12*r + 14. Let g(n) = 15*n + 1. Suppose -3*j - 3 = -0. Let z be g(j). What is the units digit of v(z)?
2
Suppose -8630193 - 4844768 - 4080039 = -500*w. What is the thousands digit of w?
5
Let l = 31381 - 7479. What is the thousands digit of l?
3
What is the hundreds digit of (6 - 3 - 3 - 52)*4433/(-31)?
4
Suppose -64562 = -5*o - 2*x, -10*o + 6*o + 2*x + 51646 = 0. What is the tens digit of o/32*8/6?
3
Let b be (28/98)/(2/42). Suppose 6846 = b*l + 8*l. What is the units digit of l?
9
Suppose -28*b + 32 = -32*b. What is the tens digit of (0 - 24)/(6/b)?
3
Suppose 3*w = 2*g + 4639, -4*w + 6183 = -15*g + 10*g. What is the units digit of w?
7
Let g(x) = -2*x**3 - 6*x**2 - 4*x + 8. Let w be g(-6). Suppose 3*s - 7*s + w = 0. Suppose 4*v - s = -10. What is the units digit of v?
3
What is the thousands digit of (-353194)/(-18) - 2120/(-1908)?
9
Let s(n) = -15*n - 25. Suppose 156*h + 15 = 151*h. What is the tens digit of s(h)?
2
Let s(q) = -7*q - 15. Let j(p) = -8*p - 14. Let n(d) = -4*j(d) + 5*s(d). Let c be n(-7). Suppose -c*b + 53 = 5. What is the tens digit of b?
2
Let u(y) = -y - 1. Let v be u(15). Let k be (-24)/v*(1 + 1). Suppose -n - 13 = 4*h - 66, -3*h + k*n + 51 = 0. What is the units digit of h?
4
Suppose -83 = -k - 76. Let v be -5*k*12/(-5). Let o = v + -14. What is the units digit of o?
0
Let x be -1*(-2)/(-4) - (-1526)/28. Suppose 5*v - 130 = -5*c, 0*c + x = 2*c + v. Suppose -33*f + c*f = -700. What is the hundreds digit of f?
1
Suppose 320 = r - 3*w, -r - r + 640 = w. What is the hundreds digit of (-1591)/(-7) - (6 + r/(-56))?
2
Let b(r) = 18*r + 2353. What is the tens digit of b(146)?
8
Let w be 2*-74*((-234)/24 + 1). Suppose 5*l - y = w, 0 = -0*l + l + 4*y - 280. What is the tens digit of l?
6
Suppose 0 = -4*j + 16, -i + 2*j + 484 = 4*j. Let m(p) = 30*p - 1675. Let f be m(56). Suppose -l = -f, 2*l + i = 5*n - 2*n. What is the hundreds digit of n?
1
Suppose -2*c - 97132 = -4*s + 6958, -104055 = -4*s - 5*c. What is the ten thousands digit of s?
2
Suppose -269*k = -45*k - 5544224. What is the ten thousands digit of k?
2
Suppose 50*y = 148364 + 2869736. What is the tens digit of y?
6
Let y(s) = -2*s + 8. Let p be y(3). Let l be 177/(-6)*1*p/(-1). Let n = l - 28. What is the tens digit of n?
3
Let c = 507 + -567. What is the units digit of (498/(-9))/(10/c)?
2
Suppose -n + 194 = 180. Suppose -7*s = -n*s + 1316. What is the tens digit of s?
8
Let b(a) = a**3 - 18*a**2 - 44*a - 17. What is the units digit of b(33)?
6
What is the tens digit of (-6823 + 1)*(-20)/30?
4
Let a(n) be the first derivative of -2*n**2 - 8 - 4*n + 2/3*n**3. What is the hundreds digit of a(-10)?
2
Let f(q) = -4*q + 17. Let d be f(-22). Suppose -10 + 2 = 4*j, 2*j + 10 = 2*t. Suppose 4*w - d = t. What is the units digit of w?
7
Suppose -13*x - 5*x + 178334 = -1064962. What is the units digit of x?
2
Suppose -3*b = p - 3791, -4*p + 17778 = -2*b + 2656. What is the tens digit of p?
8
Let d = 158 - 223. Let l = 464 + d. What is the hundreds digit of l?
3
Suppose 13*r = -4*r + 4*r + 373542. What is the ten thousands digit of r?
2
Let o = 14354 - -8487. What is the hundreds digit of o?
8
Let q(v) = 64*v**3 - 7*v**2 + 36*v - 123. What is the tens digit of q(4)?
0
Suppose -2*b + 412 = r - 6*b, 2*b = 3*r - 1286. Suppose -2*u + r = -4*g, -5*u - 6*g + 1075 = -11*g. What is the tens digit of u?
1
Suppose 2*c - 5*p - 24204 = 0, 3*c = 5*c - 2*p - 24210. What is the thousands digit of c?
2
Let u = 1188 - 664. Suppose u*q + 3906 = 530*q. W